{"id":18,"date":"2018-02-04T16:00:53","date_gmt":"2018-02-04T16:00:53","guid":{"rendered":"http:\/\/klikeraj.hr\/?page_id=18"},"modified":"2022-09-04T17:54:28","modified_gmt":"2022-09-04T17:54:28","slug":"poticanje-razvoja-za-djecu","status":"publish","type":"page","link":"https:\/\/klikeraj.hr\/index.php\/poticanje-razvoja-za-djecu\/","title":{"rendered":"Imam ideju!"},"content":{"rendered":"<h3>Izvan\u0161kolski oboga\u0107eni program poticanja kreativnosti za djecu<\/h3>\n<p>&#8220;Imam ideju!&#8221; je program poticanja kreativnosti za pred\u0161kolce (od 5 godine) i \u0161kolarce (od 1.- 4.razreda). Program se sastoji od aktivnosti usmjerenih na razvoj divergentnog mi\u0161ljenja (fluentnost, fleksibilnost, elaboracija, originalnost), konvergentnog mi\u0161ljenja, ma\u0161tovitosti, svjesnosti vlastitih sposobnosti, poticanje znati\u017eelje i izra\u017eavanja.<\/p>\n<p>Svako dijete prvo kre\u0107e s osnovama kreativnosti, koje aktivnosti \u0107e biti primijenjene ovisi o dobi i interesima. Kasnije prora\u0111ujemo nau\u010deno\u00a0 na kompleksnijoj razini prema principima projektnog u\u010denja.<\/p>\n<p>Jedan susret traje 60 min, odr\u017eava se jednom tjedno, a izme\u0111u susreta dijete ima zadatak koji slu\u017ei uvje\u017ebavanju nau\u010denoga, pripremi za idu\u0107i sat ili prakti\u010dnoj primjeni.<\/p>\n<p>Nakon svakog sata roditelj dobiva usmenu i pismenu povratnu informaciju \u0161to je taj susret odra\u0111eno . Cijena radionica iznosi 250kn\/33EUR mjese\u010dno.<\/p>\n<p>Program vodi stalni tim Udruge Klikeraj.<\/p>\n<p>e-mail: klikeraj.radionice@gmail.com<\/p>\n<p><strong>Pro\u010ditajte i:<\/strong><\/p>\n<p><a href=\"http:\/\/klikeraj.hr\/index.php\/2018\/02\/05\/imam-ideju-logika-u-pozadini-programa\/\">Logika programa &#8220;Imam ideju!&#8221;<\/a><\/p>\n<p><a href=\"http:\/\/klikeraj.hr\/index.php\/2015\/10\/27\/u-pozadini-programa-imam-ideju\/\">U pozadini programa &#8220;Imam ideju!&#8221;<\/a><\/p>\n<p><a href=\"http:\/\/klikeraj.hr\/index.php\/2015\/11\/01\/kako-izgleda-jedan-sat-programa-imam-ideju\/\">Kako izgleda jedan sat programa &#8220;Imam ideju!&#8221;<\/a><\/p>\n<p><a href=\"http:\/\/klikeraj.hr\/index.php\/poticanje-razvoja-za-djecu\/info\/\" rel=\"attachment wp-att-271\"><img loading=\"lazy\" decoding=\"async\" class=\"aligncenter size-full wp-image-271\" src=\"http:\/\/klikeraj.hr\/wp-content\/uploads\/2018\/02\/info.png\" alt=\"\" width=\"800\" height=\"2000\" srcset=\"https:\/\/klikeraj.hr\/wp-content\/uploads\/2018\/02\/info.png 800w, https:\/\/klikeraj.hr\/wp-content\/uploads\/2018\/02\/info-120x300.png 120w, https:\/\/klikeraj.hr\/wp-content\/uploads\/2018\/02\/info-768x1920.png 768w, https:\/\/klikeraj.hr\/wp-content\/uploads\/2018\/02\/info-410x1024.png 410w, https:\/\/klikeraj.hr\/wp-content\/uploads\/2018\/02\/info-508x1270.png 508w\" sizes=\"(max-width: 800px) 100vw, 800px\" \/><\/a><\/p>\n","protected":false},"excerpt":{"rendered":"<p>Izvan\u0161kolski oboga\u0107eni program poticanja kreativnosti za djecu &#8220;Imam ideju!&#8221; je program poticanja kreativnosti za pred\u0161kolce (od 5 godine) i \u0161kolarce (od 1.- 4.razreda). Program se sastoji od aktivnosti&#8230;<\/p>\n","protected":false},"author":1,"featured_media":1265,"parent":0,"menu_order":0,"comment_status":"closed","ping_status":"closed","template":"","meta":{"_monsterinsights_skip_tracking":false,"_monsterinsights_sitenote_active":false,"_monsterinsights_sitenote_note":"","_monsterinsights_sitenote_category":0,"footnotes":""},"class_list":["post-18","page","type-page","status-publish","has-post-thumbnail","hentry"],"_links":{"self":[{"href":"https:\/\/klikeraj.hr\/index.php\/wp-json\/wp\/v2\/pages\/18"}],"collection":[{"href":"https:\/\/klikeraj.hr\/index.php\/wp-json\/wp\/v2\/pages"}],"about":[{"href":"https:\/\/klikeraj.hr\/index.php\/wp-json\/wp\/v2\/types\/page"}],"author":[{"embeddable":true,"href":"https:\/\/klikeraj.hr\/index.php\/wp-json\/wp\/v2\/users\/1"}],"replies":[{"embeddable":true,"href":"https:\/\/klikeraj.hr\/index.php\/wp-json\/wp\/v2\/comments?post=18"}],"version-history":[{"count":12,"href":"https:\/\/klikeraj.hr\/index.php\/wp-json\/wp\/v2\/pages\/18\/revisions"}],"predecessor-version":[{"id":2466,"href":"https:\/\/klikeraj.hr\/index.php\/wp-json\/wp\/v2\/pages\/18\/revisions\/2466"}],"wp:featuredmedia":[{"embeddable":true,"href":"https:\/\/klikeraj.hr\/index.php\/wp-json\/wp\/v2\/media\/1265"}],"wp:attachment":[{"href":"https:\/\/klikeraj.hr\/index.php\/wp-json\/wp\/v2\/media?parent=18"}],"curies":[{"name":"wp","href":"https:\/\/api.w.org\/{rel}","templated":true}]}}