{"id":14,"date":"2018-02-04T15:57:17","date_gmt":"2018-02-04T15:57:17","guid":{"rendered":"http:\/\/klikeraj.hr\/?page_id=14"},"modified":"2024-07-19T18:01:32","modified_gmt":"2024-07-19T18:01:32","slug":"o-nama","status":"publish","type":"page","link":"https:\/\/klikeraj.hr\/index.php\/o-nama\/","title":{"rendered":"O nama"},"content":{"rendered":"<p>Udruga Klikeraj je stru\u010dna organizacija osnovana 2014. godine u Osijeku koja se bavi podru\u010djem darovitosti i talenta.&nbsp; <strong><em style=\"color: #efedeb !important;\">Klikeraj<\/em> <\/strong>\u010dini tim psihologa i edukatora okupljenih oko ideje kreiranja poticajnog okru\u017eenja koje \u0107e djeci i mladima omogu\u0107iti razvoj njihovih potencijala.<\/p>\n<p>Kroz suradnju, partnerstva i projekte pru\u017eamo stru\u010dnu podr\u0161ku odgojno-obrazovnim ustanovama u razvoju njihovih kompetencija i ekspertnosti u obrazovanju darovitih u\u010denika i razvoju njihovih talenata.<br \/>\nKroz programe namijenjene djeci te kroz rad Savjetovali\u0161ta Sidro pru\u017eamo izvaninstitucionalnu podr\u0161ku roditelima i obiteljima darovite djece i mladih u odgoju i obrazovanju njihove djece.<\/p>\n<p class=\"_04xlpA direction-ltr align-start para-style-body\"><span class=\"JsGRdQ\"><em style=\"color: #efedeb !important;\"><strong>Na\u0161a je vizija<\/strong><\/em> izgraditi poticajno i podr\u017eavaju\u0107e okru\u017eenje koje \u0107e djeci visokih potencijala omogu\u0107iti prilike za istra\u017eivanje vlastitih interesa, stjecanje specifi\u010dnih znanja i razvoj talenata. <em style=\"color: #efedeb !important;\">Klikeraj<\/em> <\/span><span class=\"JsGRdQ\">vidimo kao centar u kojemu \u0107e djeca i mladi s visokim sposobnostima imati priliku za u\u010denje i stjecanje iskustava i stvaranje kontakata sa sebi sli\u010dnima, njihove obitelji podr\u0161ku, a odgojno-obrazovni stru\u010dnjaci informacije, alate, podr\u0161ku i partnere u poticanju razvoja dje\u010djih potencijala.<\/span><\/p>\n<p class=\"_04xlpA direction-ltr align-start para-style-body\"><span class=\"JsGRdQ\"><em style=\"color: #efedeb !important;\"><strong style=\"color: #efedeb !important;\">Na\u0161a misija<\/strong><\/em> je <\/span><span class=\"JsGRdQ\">stvaranje razvojnih prilika za <\/span><span class=\"JsGRdQ\">darovitu i talentiranu djecu i mlade te pru\u017eanja podr\u0161ke roditeljima i odgojno-obrazovnim stru\u010dnjacima.<\/span><\/p>\n<p>Od 2016. godine \u010dlanica smo europske mre\u017ee organizacija <em style=\"color: #efedeb !important;\"><strong style=\"color: #efedeb !important;\">European Talent Support Network<\/strong><\/em> \u010dime smo postali europski Talent Point.<\/p>\n<p><img loading=\"lazy\" decoding=\"async\" class=\"aligncenter size-full wp-image-459\" style=\"filter: saturate(0.9) brightness(0.8);\" src=\"https:\/\/klikeraj.hr\/wp-content\/uploads\/2018\/05\/cropped-1_etsnlogo_fullcolor.png\" alt=\"\" width=\"566\" height=\"193\" srcset=\"https:\/\/klikeraj.hr\/wp-content\/uploads\/2018\/05\/cropped-1_etsnlogo_fullcolor.png 566w, https:\/\/klikeraj.hr\/wp-content\/uploads\/2018\/05\/cropped-1_etsnlogo_fullcolor-300x102.png 300w, https:\/\/klikeraj.hr\/wp-content\/uploads\/2018\/05\/cropped-1_etsnlogo_fullcolor-508x173.png 508w\" sizes=\"(max-width: 566px) 100vw, 566px\" \/><\/p>\n<p>Na\u0161 tim \u010dine:<br \/>\nJosipa Mamu\u017ei\u0107, dipl.psih.prof.<br \/>\nIvan Alagi\u0107, dipl.psih., ECHA Specialist<br \/>\nMarija Juri\u0107, mag.psych.<br \/>\nNikolina Vrhovac, mag.psych.<br \/>\nTihana Star\u010devi\u0107, mag.psych.<br \/>\nZorana Vuksanovi\u0107, mag.educ.philol.croat.<br \/>\nMarija Panduri\u0107, mag.prim.educ.<\/p>\n","protected":false},"excerpt":{"rendered":"<p>Udruga Klikeraj je stru\u010dna organizacija osnovana 2014. godine u Osijeku koja se bavi podru\u010djem darovitosti i talenta.&nbsp; Klikeraj \u010dini tim psihologa i edukatora okupljenih oko ideje kreiranja poticajnog&#8230;<\/p>\n","protected":false},"author":1,"featured_media":3117,"parent":0,"menu_order":0,"comment_status":"closed","ping_status":"closed","template":"","meta":{"_monsterinsights_skip_tracking":false,"_monsterinsights_sitenote_active":false,"_monsterinsights_sitenote_note":"","_monsterinsights_sitenote_category":0,"footnotes":""},"class_list":["post-14","page","type-page","status-publish","has-post-thumbnail","hentry"],"_links":{"self":[{"href":"https:\/\/klikeraj.hr\/index.php\/wp-json\/wp\/v2\/pages\/14"}],"collection":[{"href":"https:\/\/klikeraj.hr\/index.php\/wp-json\/wp\/v2\/pages"}],"about":[{"href":"https:\/\/klikeraj.hr\/index.php\/wp-json\/wp\/v2\/types\/page"}],"author":[{"embeddable":true,"href":"https:\/\/klikeraj.hr\/index.php\/wp-json\/wp\/v2\/users\/1"}],"replies":[{"embeddable":true,"href":"https:\/\/klikeraj.hr\/index.php\/wp-json\/wp\/v2\/comments?post=14"}],"version-history":[{"count":27,"href":"https:\/\/klikeraj.hr\/index.php\/wp-json\/wp\/v2\/pages\/14\/revisions"}],"predecessor-version":[{"id":3118,"href":"https:\/\/klikeraj.hr\/index.php\/wp-json\/wp\/v2\/pages\/14\/revisions\/3118"}],"wp:featuredmedia":[{"embeddable":true,"href":"https:\/\/klikeraj.hr\/index.php\/wp-json\/wp\/v2\/media\/3117"}],"wp:attachment":[{"href":"https:\/\/klikeraj.hr\/index.php\/wp-json\/wp\/v2\/media?parent=14"}],"curies":[{"name":"wp","href":"https:\/\/api.w.org\/{rel}","templated":true}]}}