{"id":1370,"date":"2020-05-27T14:57:42","date_gmt":"2020-05-27T14:57:42","guid":{"rendered":"https:\/\/klikeraj.hr\/?page_id=1370"},"modified":"2025-06-27T12:01:30","modified_gmt":"2025-06-27T12:01:30","slug":"preuzmite","status":"publish","type":"page","link":"https:\/\/klikeraj.hr\/index.php\/preuzmite\/","title":{"rendered":"\u0160krinja"},"content":{"rendered":"<p>Ovdje mo\u017eete preuzeti razli\u010dite edukacijske resurse, aktivnosti, tehnike i druge primjere dobre prakse u poticanju kognitivnog, osobnog i emocionalnog razvoja koje su proiza\u0161le iz rada na\u0161eg tima kao i relevantne resurse iz suvremene odgojne i obrazovne prakse.\u00a0<\/p>\r\n<h3>\u00a0<\/h3>\r\n<h2><a href=\"https:\/\/klikeraj.hr\/index.php\/strucni-clanci-i-tekstovi\/\"><strong>Stru\u010dni \u010dlanci i tekstovi<\/strong><\/a><\/h2>\r\n<h2><strong>Darovitost<\/strong><\/h2>\r\n<h5><a style=\"--link-color: #71b8ef !important; --link-color-hover: #8cc6f2 !important; --link-color-active: #6cb6ef !important; --visited-color: #a075ea !important; --visited-color-hover: #b390ee !important; --visited-color-active: #9d71ea !important;\" href=\"https:\/\/klikeraj.hr\/wp-content\/uploads\/2024\/06\/KOMPLET-CHECK-LISTA-ZA-IDENTIFIKACIJU.pdf\">KOMPLET CHECK-LISTA ZA IDENTIFIKACIJU<\/a><\/h5>\r\n<h5><a style=\"--link-color: #71b8ef !important; --link-color-hover: #8cc6f2 !important; --link-color-active: #6cb6ef !important; --visited-color: #a075ea !important; --visited-color-hover: #b390ee !important; --visited-color-active: #9d71ea !important;\" href=\"https:\/\/klikeraj.hr\/wp-content\/uploads\/2024\/06\/PRIRUCNIK-INOVATIVNI-PRISTUPI-U-POTICANJU-DAROVITOSTI-KOD-DJECE-OD-3-DO-6.pdf\">PRIRU\u010cNIK INOVATIVNI PRISTUPI U POTICANJU DAROVITOSTI KOD DJECE OD 3 DO 6<\/a><\/h5>\r\n<h5><a style=\"--link-color: #71b8ef !important; --link-color-hover: #8cc6f2 !important; --link-color-active: #6cb6ef !important; --visited-color: #a075ea !important; --visited-color-hover: #b390ee !important; --visited-color-active: #9d71ea !important;\" href=\"https:\/\/klikeraj.hr\/wp-content\/uploads\/2024\/06\/GIFTED-IDENTIFIKACIJA-DAROVITOSTI-U-VRTICU-INSTRUMENT.pdf\">GIFTED &#8211; IDENTIFIKACIJA DAROVITOSTI U VRTICU INSTRUMEN<\/a>T<\/h5>\r\n<p><a style=\"--link-color: #71b8ef !important; --link-color-hover: #8cc6f2 !important; --link-color-active: #6cb6ef !important; --visited-color: #a075ea !important; --visited-color-hover: #b390ee !important; --visited-color-active: #9d71ea !important;\" href=\"https:\/\/klikeraj.hr\/wp-content\/uploads\/2024\/06\/CHECK-LISTA-OPCE-KARAKTERISTIKE-DAROVITIH.pdf\">CHECK-LISTA OP\u0106E KARAKTERISTIKE DAROVITIH<\/a><\/p>\r\n<p><a style=\"--link-color: #71b8ef !important; --link-color-hover: #8cc6f2 !important; --link-color-active: #6cb6ef !important; --visited-color: #a075ea !important; --visited-color-hover: #b390ee !important; --visited-color-active: #9d71ea !important;\" href=\"https:\/\/klikeraj.hr\/wp-content\/uploads\/2024\/06\/PoT-30-IDENTIFIKACIJA-KULINARSKOG-TALENTA.pdf\">PoT 30 IDENTIFIKACIJA KULINARSKOG TALENTA<\/a>\u00a0<\/p>\r\n<h5><a style=\"background-color: #071418 !important; --link-color: #4ca6eb !important; --link-color-hover: #68b4ee !important; --link-color-active: #4ca6eb !important; --visited-color: #8852e5 !important; --visited-color-hover: #9a6de9 !important; --visited-color-active: #8852e5 !important;\" href=\"https:\/\/klikeraj.hr\/wp-content\/uploads\/2024\/06\/WHO-ARE-FUTURE-CHEFS-1.pdf\" data-darkreader-inline-bgcolor=\"\">WHO ARE FUTURE CHEFS\u00a0<\/a><\/h5>\r\n<p><a href=\"https:\/\/klikeraj.hr\/wp-content\/uploads\/2025\/06\/Razlikovni-kurikulum-psihologija.pdf\">Razlikovni kurikulum &#8211; psihologija<\/a><\/p>\r\n<h2><a href=\"https:\/\/klikeraj.hr\/wp-content\/uploads\/2025\/06\/SAMOREFLEKSIJA-LIKOVNI-TALENT.pdf\">SAMOREFLEKSIJA &#8211; LIKOVNI TALENT<\/a><\/h2>\r\n<h2>Kreativnost<\/h2>\r\n<p><a style=\"--link-color: #71b8ef !important; --link-color-hover: #8cc6f2 !important; --link-color-active: #6cb6ef !important; --visited-color: #a075ea !important; --visited-color-hover: #b390ee !important; --visited-color-active: #9d71ea !important;\" href=\"https:\/\/klikeraj.hr\/wp-content\/uploads\/2024\/06\/AKTIVNOSTI-I-TEHNIKE.pdf\">AKTIVNOSTI I TEHNIKE<\/a><\/p>\r\n<p><a style=\"--link-color: #71b8ef !important; --link-color-hover: #8cc6f2 !important; --link-color-active: #6cb6ef !important; --visited-color: #a075ea !important; --visited-color-hover: #b390ee !important; --visited-color-active: #9d71ea !important;\" href=\"https:\/\/klikeraj.hr\/wp-content\/uploads\/2024\/06\/KNJIZEVNI-POLIGON-ZBIRKA-1.pdf\">KNJI\u017dEVNI POLIGON &#8211; ZBIRKA 1<\/a><\/p>\r\n<p><a style=\"--link-color: #71b8ef !important; --link-color-hover: #8cc6f2 !important; --link-color-active: #6cb6ef !important; --visited-color: #a075ea !important; --visited-color-hover: #b390ee !important; --visited-color-active: #9d71ea !important;\" href=\"https:\/\/klikeraj.hr\/wp-content\/uploads\/2024\/06\/KNJIZEVNI-POLIGON-ZBIRKA-2.pdf\">KNJI\u017dEVNI POLIGON &#8211; ZBIRKA 2<\/a><\/p>\r\n<p><a style=\"--link-color: #71b8ef !important; --link-color-hover: #8cc6f2 !important; --link-color-active: #6cb6ef !important; --visited-color: #a075ea !important; --visited-color-hover: #b390ee !important; --visited-color-active: #9d71ea !important;\" href=\"https:\/\/klikeraj.hr\/wp-content\/uploads\/2024\/06\/ESCAPE-ROOM.pdf\">ESCAPE ROOM<\/a><\/p>\r\n<h5>\u00a0<\/h5>\r\n<h2>Osobni i emocionalni razvoj<\/h2>\r\n<h5><a style=\"--link-color: #71b8ef !important; --link-color-hover: #8cc6f2 !important; --link-color-active: #6cb6ef !important; --visited-color: #a075ea !important; --visited-color-hover: #b390ee !important; --visited-color-active: #9d71ea !important;\" href=\"https:\/\/klikeraj.hr\/wp-content\/uploads\/2024\/06\/KBT-U-RADU-S-DAROVITIMA.pdf\">KBT U RADU S DAROVITIMA<\/a><\/h5>\r\n<h5><a style=\"--link-color: #71b8ef !important; --link-color-hover: #8cc6f2 !important; --link-color-active: #6cb6ef !important; --visited-color: #a075ea !important; --visited-color-hover: #b390ee !important; --visited-color-active: #9d71ea !important;\" href=\"https:\/\/klikeraj.hr\/wp-content\/uploads\/2024\/06\/SOCIOEMOCIONALNE-KARAKTERISTIKE-DAROVITE-DJECE.pdf\">SOCIOEMOCIONALNE KARAKTERISTIKE DAROVITE DJECE<\/a><\/h5>\r\n<p><a style=\"--link-color: #71b8ef !important; --link-color-hover: #8cc6f2 !important; --link-color-active: #6cb6ef !important; --visited-color: #a075ea !important; --visited-color-hover: #b390ee !important; --visited-color-active: #9d71ea !important;\" href=\"https:\/\/klikeraj.hr\/wp-content\/uploads\/2024\/06\/AKTIVNO-SLUSANJE.pdf\">AKTIVNO SLU\u0160ANJE<\/a><\/p>\r\n<h5><a style=\"background-color: #0b2128 !important; --link-color: #5eafed !important; --link-color-hover: #7abdf0 !important; --link-color-active: #5eafed !important; --visited-color: #9464e8 !important; --visited-color-hover: #a67eec !important; --visited-color-active: #9464e8 !important;\" href=\"https:\/\/klikeraj.hr\/wp-content\/uploads\/2024\/06\/DNEVNIK-ANKSIOZNOSTI.pdf\" data-darkreader-inline-bgcolor=\"\">DNEVNIK ANKSIOZNOSTI<\/a><\/h5>\r\n<h5><a style=\"background-color: #0b2128 !important; --link-color: #5eafed !important; --link-color-hover: #7abdf0 !important; --link-color-active: #5eafed !important; --visited-color: #9464e8 !important; --visited-color-hover: #a67eec !important; --visited-color-active: #9464e8 !important;\" href=\"https:\/\/klikeraj.hr\/wp-content\/uploads\/2024\/06\/MOJ-UNUTARNJI-KRITICAR.pdf\" data-darkreader-inline-bgcolor=\"\">MOJ UNUTARNJI KRITI\u010cAR<\/a><\/h5>\r\n<h5><a style=\"background-color: #0b2128 !important; --link-color: #5eafed !important; --link-color-hover: #7abdf0 !important; --link-color-active: #5eafed !important; --visited-color: #9464e8 !important; --visited-color-hover: #a67eec !important; --visited-color-active: #9464e8 !important;\" href=\"https:\/\/klikeraj.hr\/wp-content\/uploads\/2024\/06\/OSJECAM-TREBAM-ZELIM.pdf\" data-darkreader-inline-bgcolor=\"\">OSJE\u0106AM TREBAM \u017dELIM<\/a><\/h5>\r\n<h5><a style=\"background-color: #0b2128 !important; --link-color: #5eafed !important; --link-color-hover: #7abdf0 !important; --link-color-active: #5eafed !important; --visited-color: #9464e8 !important; --visited-color-hover: #a67eec !important; --visited-color-active: #9464e8 !important;\" href=\"https:\/\/klikeraj.hr\/wp-content\/uploads\/2024\/06\/PISMO.pdf\" data-darkreader-inline-bgcolor=\"\">PISMO<\/a><\/h5>\r\n<h5><a style=\"background-color: #0b2128 !important; --link-color: #5eafed !important; --link-color-hover: #7abdf0 !important; --link-color-active: #5eafed !important; --visited-color: #9464e8 !important; --visited-color-hover: #a67eec !important; --visited-color-active: #9464e8 !important;\" href=\"https:\/\/klikeraj.hr\/wp-content\/uploads\/2024\/06\/POVRATAK-U-BUDUCNOST.pdf\" data-darkreader-inline-bgcolor=\"\">POVRATAK U BUDU\u0106NOST<\/a><\/h5>\r\n<h5><a style=\"background-color: #0b2128 !important; --link-color: #5eafed !important; --link-color-hover: #7abdf0 !important; --link-color-active: #5eafed !important; --visited-color: #9464e8 !important; --visited-color-hover: #a67eec !important; --visited-color-active: #9464e8 !important;\" href=\"https:\/\/klikeraj.hr\/wp-content\/uploads\/2024\/06\/POZITIVNE-MISLI.pdf\" data-darkreader-inline-bgcolor=\"\">POZITIVNE MISLI<\/a><\/h5>\r\n<h5><a style=\"background-color: #0b2128 !important; --link-color: #5eafed !important; --link-color-hover: #7abdf0 !important; --link-color-active: #5eafed !important; --visited-color: #9464e8 !important; --visited-color-hover: #a67eec !important; --visited-color-active: #9464e8 !important;\" href=\"https:\/\/klikeraj.hr\/wp-content\/uploads\/2024\/06\/RUKA-KOJA-POMAZE.pdf\" data-darkreader-inline-bgcolor=\"\">RUKA KOJA POMAZE<\/a><\/h5>\r\n<h5><a style=\"background-color: #0b2128 !important; --link-color: #5eafed !important; --link-color-hover: #7abdf0 !important; --link-color-active: #5eafed !important; --visited-color: #9464e8 !important; --visited-color-hover: #a67eec !important; --visited-color-active: #9464e8 !important;\" href=\"https:\/\/klikeraj.hr\/wp-content\/uploads\/2024\/06\/STO-KADA-POGRIJESIM-ILI-IZGUBIM-U-IGRI.pdf\" data-darkreader-inline-bgcolor=\"\">\u0160TO KADA POGRIJE\u0160IM ILI IZGUBIM U IGRI<\/a><\/h5>\r\n<h5><a style=\"background-color: #0b2128 !important; --link-color: #5eafed !important; --link-color-hover: #7abdf0 !important; --link-color-active: #5eafed !important; --visited-color: #9464e8 !important; --visited-color-hover: #a67eec !important; --visited-color-active: #9464e8 !important;\" href=\"https:\/\/klikeraj.hr\/wp-content\/uploads\/2024\/06\/STO-SI-GOVORIM.pdf\" data-darkreader-inline-bgcolor=\"\">\u0160TO SI GOVORIM<\/a><\/h5>\r\n<h5><a style=\"background-color: #0b2128 !important; --link-color: #5eafed !important; --link-color-hover: #7abdf0 !important; --link-color-active: #5eafed !important; --visited-color: #9464e8 !important; --visited-color-hover: #a67eec !important; --visited-color-active: #9464e8 !important;\" href=\"https:\/\/klikeraj.hr\/wp-content\/uploads\/2024\/06\/U-MREZI-MREZE-SVIH-MREZA.pdf\" data-darkreader-inline-bgcolor=\"\">U MREZI MREZE SVIH MREZA<\/a><\/h5>\r\n<h5><a style=\"background-color: #0b2128 !important; --link-color: #5eafed !important; --link-color-hover: #7abdf0 !important; --link-color-active: #5eafed !important; --visited-color: #9464e8 !important; --visited-color-hover: #a67eec !important; --visited-color-active: #9464e8 !important;\" href=\"https:\/\/klikeraj.hr\/wp-content\/uploads\/2024\/06\/ZAHVALNOST-I-PRIJEDLOZI.pdf\" data-darkreader-inline-bgcolor=\"\">ZAHVALNOST I PRIJEDLOZI<\/a><\/h5>\r\n<h5><a style=\"background-color: #0b2128 !important; --link-color: #5eafed !important; --link-color-hover: #7abdf0 !important; --link-color-active: #5eafed !important; --visited-color: #9464e8 !important; --visited-color-hover: #a67eec !important; --visited-color-active: #9464e8 !important;\" href=\"https:\/\/klikeraj.hr\/wp-content\/uploads\/2024\/06\/ZAHVALNOST.pdf\" data-darkreader-inline-bgcolor=\"\">ZAHVALNOST<\/a><\/h5>\r\n<p>&nbsp;<\/p>\r\n<h3>\u00a0<\/h3>\r\n<h6>\u00a0<\/h6>\r\n<p>&nbsp;<\/p>\r\n<h3>\u00a0<\/h3>\r\n<p>&nbsp;<\/p>\r\n<h3>\u00a0<\/h3>\r\n<p>&nbsp;<\/p>\r\n<h3>\u00a0<\/h3>\r\n<h3>\u00a0<\/h3>\r\n<p>&nbsp;<\/p>\r\n","protected":false},"excerpt":{"rendered":"<p>Ovdje mo\u017eete preuzeti razli\u010dite edukacijske resurse, aktivnosti, tehnike i druge primjere dobre prakse u poticanju kognitivnog, osobnog i emocionalnog razvoja koje su proiza\u0161le iz rada na\u0161eg tima kao&#8230;<\/p>\n","protected":false},"author":1,"featured_media":3188,"parent":0,"menu_order":0,"comment_status":"closed","ping_status":"closed","template":"","meta":{"_monsterinsights_skip_tracking":false,"_monsterinsights_sitenote_active":false,"_monsterinsights_sitenote_note":"","_monsterinsights_sitenote_category":0,"footnotes":""},"class_list":["post-1370","page","type-page","status-publish","has-post-thumbnail","hentry"],"_links":{"self":[{"href":"https:\/\/klikeraj.hr\/index.php\/wp-json\/wp\/v2\/pages\/1370"}],"collection":[{"href":"https:\/\/klikeraj.hr\/index.php\/wp-json\/wp\/v2\/pages"}],"about":[{"href":"https:\/\/klikeraj.hr\/index.php\/wp-json\/wp\/v2\/types\/page"}],"author":[{"embeddable":true,"href":"https:\/\/klikeraj.hr\/index.php\/wp-json\/wp\/v2\/users\/1"}],"replies":[{"embeddable":true,"href":"https:\/\/klikeraj.hr\/index.php\/wp-json\/wp\/v2\/comments?post=1370"}],"version-history":[{"count":48,"href":"https:\/\/klikeraj.hr\/index.php\/wp-json\/wp\/v2\/pages\/1370\/revisions"}],"predecessor-version":[{"id":3202,"href":"https:\/\/klikeraj.hr\/index.php\/wp-json\/wp\/v2\/pages\/1370\/revisions\/3202"}],"wp:featuredmedia":[{"embeddable":true,"href":"https:\/\/klikeraj.hr\/index.php\/wp-json\/wp\/v2\/media\/3188"}],"wp:attachment":[{"href":"https:\/\/klikeraj.hr\/index.php\/wp-json\/wp\/v2\/media?parent=1370"}],"curies":[{"name":"wp","href":"https:\/\/api.w.org\/{rel}","templated":true}]}}